 19, 5*z = 5. Let b(i) = 2*i - 7. Determine b(o).
5
Suppose 2*a - 5*s = -12 - 8, -5*s = 0. Let n(v) = -v**3 - 9*v**2 + 9*v - 12. Determine n(a).
-2
Let f(w) = -w**3 + 4*w**2 + 7*w + 7. Suppose -17 = -2*a - 5*u, -7*a + 2*a = 5*u - 35. What is f(a)?
-23
Let r(u) = u**3 + 5*u**2 - 7*u - 1. Let l be r(-6). Let q(x) = x**2 + 4*x + 28. Let i(c) = -4*c**2 - 18*c - 122. Let s(k) = -6*i(k) - 26*q(k). Determine s(l).
-26
Suppose 8*k = 95 - 47. Let v(j) = -j**2 + 8*j - 6. Determine v(k).
6
Let d(t) = -6*t**2 - 1. Suppose -4*u = -2*u + 3*v - 66, 2*v = -3*u + 89. Suppose 19*m + 8 = u*m. Determine d(m).
-7
Let g(k) = 3*k**2 + 2*k - 1. Let a = -83 - -139. Let j = -83 + a. Let c be (j/(-18))/(3/(-4)). Determine g(c).
7
Let p(g) = -g**3 + 9*g**2 - 7*g - 10. Let v be (-95)/(-25) + (-1)/(-10)*2. Let h be (-19)/(-2) + (-1 - 2/v). Determine p(h).
-2
Let t = 1 + -2. Let q be (3/6)/(2 + (-2054)/1028). Let s(n) = 257*n + 1 - 5*n**3 - q*n - 2*n**2. Give s(t).
4
Let x(h) = 5*h**2 + 26*h - 4. Let s(a) = -3*a**2 + 109 + 108 - 17*a - 214. Let m(j) = -8*s(j) - 5*x(j). Give m(4).
4
Let g(x) = -x**2 - 2*x - 5. Let i(d) = d**2 + 4*d - 7. Let n be i(2). Suppose -5*y + f - 21 = 0, -4*y + n*y + 5 = f. Calculate g(y).
-13
Suppose 2*w = -7*p + 2*p + 27, 5*w - 2*p + 5 = 0. Let i = -61 + 67. Suppose -5*q + i = w. Let j(t) = 4*t**2 - t + 1. Give j(q).
4
Let d be (-32)/(-6)*405/(-180). Let n(w) = w**2 + 14*w + 18. Give n(d).
-6
Let k(i) be the third derivative of -i**8/20160 - i**7/504 - i**6/720 + 4*i**5/15 + 14*i**2. Let x(g) be the third derivative of k(g). Give x(-7).
20
Let k = 33 + -29. Let b(o) = -139*o + 139*o + o**2 - k. Calculate b(3).
5
Let a(g) be the third derivative of 0*g**4 + 1/6*g**3 - 1/12*g**5 + 0*g + 0 + g**2. What is a(1)?
-4
Let g(d) = d**3 - d + 31. Let b(f) = f**2 - 34*f - 111. Let m be b(37). Determine g(m).
31
Let i(q) = q**2 + 3*q + 8. Suppose -6*r + 4*r = y - 16, -25 = -5*y + r. Calculate i(y).
62
Let i be ((-40)/15)/(6/(-9)). Let w(z) = -z**2 - 3*z + 1. Calculate w(i).
-27
Let f be -4 + 66/15 + 37/(-5). Let a(u) = -u**2 - 9*u - 13. Calculate a(f).
1
Suppose 0 = q - 1. Let o be 5 - (2 + -4)*2. Let k(w) = 6*w**3 + 5*w**2 + o*w**2 - 2*w + 1 - 12*w**2. What is k(q)?
7
Let q(c) = 27*c**2 + c. Let z be q(1). Suppose 3*l - z + 8 = 4*y, -l + 6 = -y. Let r(a) = a**2 + 4 - 11 + l - 8*a. Determine r(8).
-3
Let d(f) = 2*f - 1. Let b = -3 - -18. Let k = b + -14. What is d(k)?
1
Let g(y) = y**2 + 8*y - 52. Let s(w) = -w**3 - 35*w**2 + 32*w - 156. Let m be s(-36). What is g(m)?
-4
Let u(i) = -i**2 + 20*i + 25. Suppose -3*t + 5*n + 83 = -5, 3*t - 68 = n. Give u(t).
4
Let q(c) be the third derivative of c**7/2520 + 11*c**6/720 - c**5/5 - 5*c**2. Let v(o) be the third derivative of q(o). Calculate v(-8).
-5
Let w(v) = 6*v - 1. Suppose 8*q + 7 = -u + 11*q, -3 = -3*u + q. What is w(u)?
11
Suppose 89*v + 98 = 103*v. Let k(r) = r**3 - 7*r**2 - 2*r + 3. What is k(v)?
-11
Let x(q) be the first derivative of -3*q - 1/6*q**3 + 9 - 3/2*q**2. Let d(y) be the first derivative of x(y). Give d(-3).
0
Let v(n) = -n - 1. Let h(b) = -b**2 - 9*b - 9. Let q(z) = -h(z) + 2*v(z). Let p(f) = 14*f - 10. Let j be p(-5). Let g = 74 + j. What is q(g)?
1
Let d(t) = t - 4. Let q be 222/(-24) - ((-19)/(-4) + -5). Give d(q).
-13
Let a(u) = -21*u**2 + 4*u + 15 - 18*u + 20*u**2. What is a(-16)?
-17
Let l(y) = y**2 + 6*y + 6. Suppose -i - 2*i = -2*q - 13, 4*i = 2*q + 16. Let r be -3 + -4 - (1 + q). What is l(r)?
6
Let t(q) = -q**3 - 8*q**2 - 12*q - 3. Let p be t(-6). Let i(s) = s**2 + 8*s + 9. Let r(w) = -w**2 - 8*w - 8. Let j(m) = p*r(m) - 2*i(m). Give j(-7).
-1
Let h(s) = 2*s - 4. Let w(n) = n + 10. Suppose 16 = 2*o - 4. Let q be w(o). Let k = q + -17. What is h(k)?
2
Suppose 4*l + 5 = 45. Suppose -9 = l*b - 49. Let p(x) = -x**3 + 5*x**2 - 6*x + 2. Calculate p(b).
-6
Let b(s) be the second derivative of 0 - 1/2*s**3 + 7/2*s**2 - s. Let n = 265 - 260. Give b(n).
-8
Let b(a) = 2*a - 7. Suppose -21 = -131*c + 134*c. Let p(n) = -n**2 - 8*n + 1. Let o be p(c). Determine b(o).
9
Let v(a) be the third derivative of a**6/360 - a**5/20 + 7*a**4/24 - 2*a**3/3 + 28*a**2. Let t(f) be the first derivative of v(f). Give t(5).
2
Suppose 22 = 3*l + 3*z - 5, -z + 51 = 4*l. Let f(x) = -l*x + 5 - 4 + 19*x. Calculate f(-1).
-4
Let f(l) = 23*l - 13 + 34*l + 34*l - 81*l - l**2. What is f(9)?
-4
Let l(r) = r**2 + 28*r - 48. Let u(k) = 7*k + 1. Let a(f) = -l(f) + 4*u(f). Determine a(7).
3
Suppose -4*g = 2*d - 14, 0 = -3*g - 2*g + 10. Let l be 6/(-21) + 92/28 + 0. Let m(j) = -1 - j**2 + 574*j - 572*j + l. What is m(d)?
-1
Suppose 0*a = -3*a. Let y be 1*(-2 + a + 7). Let d = -1 + y. Let j(f) = f**2 - 2*f - 2. Give j(d).
6
Let a(k) = -k + 11. Let n = 208 - 208. Give a(n).
11
Let y(k) = k**2 + 9*k + 8. Let f = 110 + -117. Calculate y(f).
-6
Suppose 0 = -2*a + 5*a - 9. Let p = 4 - a. Let w(x) = 8 - 12 + x - p. Calculate w(3).
-2
Let z(u) = -u**2 + 5*u - 6. Let k(y) = -3*y**2 - y + 1. Let v be k(-2). Let w = v + 14. Calculate z(w).
-6
Let z(b) = 468*b**2 - 228*b**2 - 237*b**2 + 0*b - 6 + 3*b - b**3. Suppose -4*k - 20 = -84. Suppose -o = 3*o - k. Determine z(o).
-10
Let o be (6/36)/((-2)/(-12)). Suppose -5*l = -0*l + 25, 2*l - 35 = -5*q. Let g be q + o/2*-6. Let v(c) = c**2 - 7*c + 4. Give v(g).
-2
Let m(f) = -f**3 + 4*f**2 - f. Let d be m(3). Let o(g) = g**3 - 7*g**2 + 5*g + 8. Determine o(d).
2
Let m(l) = -l**2 - 12*l - 2. Suppose -18 = -625*g + 627*g. Calculate m(g).
25
Let q(r) be the first derivative of -4*r**3/3 + 3*r**2/2 - 26. Let x(u) = -u**2 + 2*u + 5. Let d be x(3). Calculate q(d).
-10
Let g(q) = 356*q - 7 - 152*q - 213*q. Calculate g(-2).
11
Let k(c) = 5*c + 3. Let v(j) = 4*j + 3. Let t(a) = 3*k(a) - 4*v(a). Determine t(-7).
4
Let p(j) = j**2 + 3*j - 2. Let c(u) = 5*u - 11. Let o(z) = -2*z + 6. Let v(g) = -6*c(g) - 14*o(g). Let i be v(-7). What is p(i)?
2
Let b(v) = 1 + 3*v + 4*v**2 - 2*v**2 + 0*v**2. Suppose 0 = -3*h + x - 12, -17*h + 4*x - 20 = -19*h. Give b(h).
3
Suppose 2*g - 15 + 3 = 0. Let l = 9 - g. Let f(z) = -3*z**3 - 8*z**2 - 2*z - 13. Let i(m) = m**3 + 4*m**2 + m + 6. Let o(w) = -2*f(w) - 5*i(w). What is o(l)?
-16
Let v(o) be the first derivative of o**5/40 - 5*o**4/12 + 34*o**3/3 + 11. Let f(d) be the third derivative of v(d). Give f(7).
11
Suppose 10*v + 0*v = 8*v. Let g(q) be the third derivative of -1/12*q**4 + v + 3*q**2 - 1/3*q**3 + 0*q. Give g(-6).
10
Let b(u) = -u - 4. Let n(q) = q**3 + 15*q**2 + 27*q + 18. Let d be n(-13). Let p(m) = m - 2. Let h be p(d). What is b(h)?
-7
Let p(n) = 4*n**3 - 8*n**2 - 3*n**3 + 8*n + 9 - 2*n. Let a = 1969 - 1962. Determine p(a).
2
Let d(y) be the second derivative of -7*y**4/12 + y**3/2 - y**2 - 2*y - 19. Determine d(2).
-24
Let o(l) be the first derivative of l**3/3 - 6*l - 1. Suppose -c = -6*c. Suppose d + 5*g + 20 = c, 2*d - d - 8 = 2*g. Calculate o(d).
-6
Let n = -1270 + 1271. Let g(q) = -q**3 - q + 1. Let h(a) = -13*a**3 + 2*a**2 - 4*a + 3. Let x(y) = -4*g(y) + h(y). Give x(n).
-8
Suppose 0 = 2*u - 19*u + 17. Let r(w) = -8*w + 1. Determine r(u).
-7
Suppose 0 = 5*o - b - b + 1, -o = -4*b + 11. Let w(j) = -9*j + 6. Calculate w(o).
-3
Let r be (-22)/(-11) - -3*1. Let u(w) = -2*w - 6*w**3 - 4 - 7*w**2 + r*w**3 - 2*w. Calculate u(-6).
-16
Suppose -4*p + 52 = -5*a, p + 20 = -4*a - 9. Let u(w) = 6*w**2 + 4*w + 9. Let r(l) = -7*l**2 - 3*l - 9. Let f(z) = 5*r(z) + 6*u(z). Determine f(a).
1
Let h(m) = 4*m - 2. Suppose 0*q + 3*q = 6. Let v(i) = -i**3 + i**2 + 2*i - 1. Let j be v(q). Let d be h(j). Let a(l) = -l**2 - 7*l - 7. What is a(d)?
-1
Let v(o) be the first derivative of o**3/3 + 2*o**2 - 8*o - 2. Suppose 4*w + 305*i - 308*i = -21, -w - 5*i - 11 = 0. Determine v(w).
4
Let c = -5 + 9. Let l = -75 - -83. Let m(a) = l*a + 2 - 5 - a**2 + 0*a - 3*a. Determine m(c).
1
Let m(p) = -76*p**2 + 24*p**2 + 24*p**2 - 2*p - 12 + 27*p**2. Calculate m(-3).
-15
Suppose -7*i - 3*y = -5*i + 11, -4*i = 3*y + 25. Let v(n) be the first derivative of n**3/3 + 7*n**2/2 - 3*n - 131. Calculate v(i).
-3
Let t(x) be the first derivative of 1/3*x**3 + 1/2*x**2 - x - 10 + 5/4*x**4. Determine t(1).
6
Let h(j) = 18*j + 3. Let m be (-10)/8 + (-52)/(-16). Calculate h(m).
39
Let r be (-3)/(-9) - 1*8/(-3). Let f(v) = -2*v**r + 0*v**3 + v**3 + 7 - 2 + 5*v - 4*v**2. Give f(-5).
5
Let y(q) = -5*q + 3. Let